{"id":24766,"date":"2025-09-24T17:07:34","date_gmt":"2025-09-24T17:07:34","guid":{"rendered":"https:\/\/inverkm.cl\/tienda\/?page_id=24766"},"modified":"2025-09-24T17:12:10","modified_gmt":"2025-09-24T17:12:10","slug":"politicas-de-despacho","status":"publish","type":"page","link":"https:\/\/inverkm.cl\/tienda\/politicas-de-despacho\/","title":{"rendered":"Pol\u00edticas de Despacho"},"content":{"rendered":"\t\t<div data-elementor-type=\"wp-page\" data-elementor-id=\"24766\" class=\"elementor elementor-24766\">\n\t\t\t\t<div data-particle_enable=\"false\" data-particle-mobile-disabled=\"false\" class=\"elementor-element elementor-element-2671a07 e-flex e-con-boxed wpr-particle-no wpr-jarallax-no wpr-parallax-no wpr-sticky-section-no e-con e-parent\" data-id=\"2671a07\" data-element_type=\"container\">\n\t\t\t\t\t<div class=\"e-con-inner\">\n\t\t\t\t<div class=\"elementor-element elementor-element-3540713 elementor-widget elementor-widget-heading\" data-id=\"3540713\" data-element_type=\"widget\" data-widget_type=\"heading.default\">\n\t\t\t\t<div class=\"elementor-widget-container\">\n\t\t\t\t\t<h2 class=\"elementor-heading-title elementor-size-default\">Politicas de Despacho y Entrega de productos<\/h2>\t\t\t\t<\/div>\n\t\t\t\t<\/div>\n\t\t\t\t\t<\/div>\n\t\t\t\t<\/div>\n\t\t<div data-particle_enable=\"false\" data-particle-mobile-disabled=\"false\" class=\"elementor-element elementor-element-12c6303 e-flex e-con-boxed wpr-particle-no wpr-jarallax-no wpr-parallax-no wpr-sticky-section-no e-con e-parent\" data-id=\"12c6303\" data-element_type=\"container\">\n\t\t\t\t\t<div class=\"e-con-inner\">\n\t\t\t\t<div class=\"elementor-element elementor-element-32ab869 elementor-widget elementor-widget-eael-adv-tabs\" data-id=\"32ab869\" data-element_type=\"widget\" data-widget_type=\"eael-adv-tabs.default\">\n\t\t\t\t<div class=\"elementor-widget-container\">\n\t\t\t\t\t        <div data-scroll-on-click=\"no\" data-scroll-speed=\"300\" id=\"eael-advance-tabs-32ab869\" class=\"eael-advance-tabs eael-tabs-horizontal eael-tab-auto-active \" data-tabid=\"32ab869\">\n            <div class=\"eael-tabs-nav\">\n                <ul class=\"eael-tab-inline-icon\" role=\"tablist\">\n                                            <li id=\"despachos-gratis-desde-250000-en-la-vi-a-la-v-de-valparaso-incluyendo-rm\" class=\"inactive eael-tab-item-trigger eael-tab-nav-item\" aria-selected=\"true\" data-tab=\"1\" role=\"tab\" tabindex=\"0\" aria-controls=\"despachos-gratis-desde-250000-en-la-vi-a-la-v-de-valparaso-incluyendo-rm-tab\" aria-expanded=\"false\">\n                            \n                                                                                                                            \n                                                            <span class=\"eael-tab-title title-after-icon\" >Despachos gratis desde $250.000 en la VI a la V de valpara\u00edso (incluyendo RM)<\/span>                            \n                                                    <\/li>\n                                            <li id=\"despacho-otras-regiones-y-provincias-por-pagar\" class=\"inactive eael-tab-item-trigger eael-tab-nav-item\" aria-selected=\"false\" data-tab=\"2\" role=\"tab\" tabindex=\"-1\" aria-controls=\"despacho-otras-regiones-y-provincias-por-pagar-tab\" aria-expanded=\"false\">\n                            \n                                                                                                                            \n                                                            <span class=\"eael-tab-title title-after-icon\" >Despacho Otras Regiones y Provincias por Pagar<\/span>                            \n                                                    <\/li>\n                                    <\/ul>\n            <\/div>\n            \n            <div class=\"eael-tabs-content\">\n\t\t        \n                    <div id=\"despachos-gratis-desde-250000-en-la-vi-a-la-v-de-valparaso-incluyendo-rm-tab\" class=\"clearfix eael-tab-content-item inactive\" data-title-link=\"despachos-gratis-desde-250000-en-la-vi-a-la-v-de-valparaso-incluyendo-rm-tab\">\n\t\t\t\t        <p data-start=\"136\" data-end=\"515\">\u25cf Bajo esta modalidad y sin un m\u00ednimo de compra, el despacho de los productos ser\u00e1 realizado en el domicilio que el cliente indique al momento del env\u00edo de su orden de compra. Cabe destacar que el domicilio debe estar dentro de las localidades informadas entre la VI Regi\u00f3n y la V Regi\u00f3n de Valpara\u00edso. (Incluye ciudades principales y capitales regionales, no incluye ramales).<\/p><p data-start=\"517\" data-end=\"803\">\u25cf La tienda est\u00e1 ubicada en: <strong data-start=\"546\" data-end=\"574\">San Diego 1272, Santiago<\/strong>. Adicionalmente, el cliente podr\u00e1 autorizar a un tercero para efectuar el retiro del producto, debiendo indicar los datos de dicha persona (nombre completo, RUT, n\u00famero de tel\u00e9fono y correo electr\u00f3nico) al ejecutivo de ventas.<\/p><p data-start=\"805\" data-end=\"1021\">\u25cf Ser\u00e1 responsabilidad del cliente la exactitud de los datos entregados en <strong data-start=\"880\" data-end=\"905\">Neum\u00e1ticos San Andr\u00e9s<\/strong> para una correcta y oportuna entrega de los productos en el domicilio indicado o en el lugar de despacho elegido.<\/p><p data-start=\"1023\" data-end=\"1622\">\u25cf El despacho de los productos ser\u00e1 realizado a trav\u00e9s de servicios de Courier nacional, en el lugar que el cliente hubiere elegido, en un plazo de <strong data-start=\"1171\" data-end=\"1193\">1 a 5 d\u00edas h\u00e1biles<\/strong> una vez validada la orden de compra y el pago. Tanto si es mediante transporte propio de Neum\u00e1ticos San Andr\u00e9s como por courier nacional, el despacho de productos se realiza de lunes a viernes, entre las <strong data-start=\"1398\" data-end=\"1420\">9:30 y 18:30 horas<\/strong>. Una vez realizada la compra, se formalizar\u00e1 la fecha de despacho a trav\u00e9s de correo electr\u00f3nico o llamada del ejecutivo de ventas. El rango de hora ser\u00e1 siempre entre las 9:30 y 19:30 hrs inclusive.<\/p><p data-start=\"1624\" data-end=\"1809\">\u25cf Los despachos gratuitos dentro de la Regi\u00f3n Metropolitana, V y VI Regi\u00f3n ser\u00e1n efectuados por transporte propio de <strong data-start=\"1741\" data-end=\"1766\">Neum\u00e1ticos San Andr\u00e9s<\/strong>, que incluye las siguientes localidades:<\/p>                    <\/div>\n\t\t        \n                    <div id=\"despacho-otras-regiones-y-provincias-por-pagar-tab\" class=\"clearfix eael-tab-content-item inactive\" data-title-link=\"despacho-otras-regiones-y-provincias-por-pagar-tab\">\n\t\t\t\t        <p data-start=\"154\" data-end=\"652\">Una vez realizado todo el proceso de compra e indicado el lugar de despacho, el ejecutivo de ventas se pondr\u00e1 en contacto con el cliente para coordinar la empresa de transporte por la cual desea enviar la mercader\u00eda. <strong data-start=\"371\" data-end=\"396\">Neum\u00e1ticos San Andr\u00e9s<\/strong> entregar\u00e1 dicha mercader\u00eda en un plazo de <strong data-start=\"439\" data-end=\"464\">24 a 48 horas h\u00e1biles<\/strong> a la empresa de transporte escogida para hacer el env\u00edo por pagar. Posteriormente, el cliente debe considerar adem\u00e1s el plazo de entrega propio de la empresa de transporte seleccionada.<\/p><p data-start=\"654\" data-end=\"1086\">Una vez constatados los procedimientos de seguridad para la verificaci\u00f3n de la compra (el medio de pago utilizado y la confirmaci\u00f3n de los datos personales suministrados por el cliente), el cliente recibir\u00e1 un correo que le indicar\u00e1 el n\u00famero de seguimiento de su despacho. En este caso, y dado la naturaleza del transporte y la disponibilidad de la empresa elegida por el cliente, el env\u00edo podr\u00eda exceder los plazos establecidos.<\/p><p data-start=\"1088\" data-end=\"1206\">\u25cf Para despachos <strong data-start=\"1105\" data-end=\"1136\">desde Temuco a Puerto Montt<\/strong>, los tiempos de entrega estimados son de <strong data-start=\"1178\" data-end=\"1203\">48 a 72 horas h\u00e1biles<\/strong>.<\/p><p data-start=\"1208\" data-end=\"1317\">\u25cf Para despachos hacia la <strong data-start=\"1234\" data-end=\"1247\">IV Regi\u00f3n<\/strong>, los tiempos de entrega estimados son de <strong data-start=\"1289\" data-end=\"1314\">48 a 96 horas h\u00e1biles<\/strong>.<\/p><p data-start=\"1319\" data-end=\"1434\">\u25cf Para despachos hacia la <strong data-start=\"1345\" data-end=\"1364\">III y II Regi\u00f3n<\/strong>, los tiempos de entrega estimados son de <strong data-start=\"1406\" data-end=\"1431\">48 a 96 horas h\u00e1biles<\/strong>.<\/p>                    <\/div>\n\t\t                    <\/div>\n        <\/div>\n\t\t\t\t<\/div>\n\t\t\t\t<\/div>\n\t\t\t\t\t<\/div>\n\t\t\t\t<\/div>\n\t\t\t\t<\/div>\n\t\t","protected":false},"excerpt":{"rendered":"<p>Politicas de Despacho y Entrega de productos Despachos gratis desde $250.000 en la VI a la V de valpara\u00edso (incluyendo RM) Despacho Otras Regiones y Provincias por Pagar \u25cf Bajo esta modalidad y sin un m\u00ednimo de compra, el despacho de los productos ser\u00e1 realizado en el domicilio que el cliente indique al momento del env\u00edo de su orden de compra. Cabe destacar que el domicilio debe estar dentro de las localidades informadas entre la VI Regi\u00f3n y la V Regi\u00f3n de Valpara\u00edso. (Incluye ciudades principales y capitales regionales, no incluye ramales). \u25cf La tienda est\u00e1 ubicada en: San Diego 1272, Santiago. Adicionalmente, el cliente podr\u00e1 autorizar a un tercero para efectuar el retiro del producto, debiendo indicar los datos de dicha persona (nombre completo, RUT, n\u00famero de tel\u00e9fono y correo electr\u00f3nico) al ejecutivo de ventas. \u25cf Ser\u00e1 responsabilidad del cliente la exactitud de los datos entregados en Neum\u00e1ticos San Andr\u00e9s para una correcta y oportuna entrega de los productos en el domicilio indicado o en el lugar de despacho elegido. \u25cf El despacho de los productos ser\u00e1 realizado a trav\u00e9s de servicios de Courier nacional, en el lugar que el cliente hubiere elegido, en un plazo de 1 a 5 d\u00edas h\u00e1biles una vez validada la orden de compra y el pago. Tanto si es mediante transporte propio de Neum\u00e1ticos San Andr\u00e9s como por courier nacional, el despacho de productos se realiza de lunes a viernes, entre las 9:30 y 18:30 horas. Una vez realizada la compra, se formalizar\u00e1 la fecha de despacho a trav\u00e9s de correo electr\u00f3nico o llamada del ejecutivo de ventas. El rango de hora ser\u00e1 siempre entre las 9:30 y 19:30 hrs inclusive. \u25cf Los despachos gratuitos dentro de la Regi\u00f3n Metropolitana, V y VI Regi\u00f3n ser\u00e1n efectuados por transporte propio de Neum\u00e1ticos San Andr\u00e9s, que incluye las siguientes localidades: Una vez realizado todo el proceso de compra e indicado el lugar de despacho, el ejecutivo de ventas se pondr\u00e1 en contacto con el cliente para coordinar la empresa de transporte por la cual desea enviar la mercader\u00eda. Neum\u00e1ticos San Andr\u00e9s entregar\u00e1 dicha mercader\u00eda en un plazo de 24 a 48 horas h\u00e1biles a la empresa de transporte escogida para hacer el env\u00edo por pagar. Posteriormente, el cliente debe considerar adem\u00e1s el plazo de entrega propio de la empresa de transporte seleccionada. Una vez constatados los procedimientos de seguridad para la verificaci\u00f3n de la compra (el medio de pago utilizado y la confirmaci\u00f3n de los datos personales suministrados por el cliente), el cliente recibir\u00e1 un correo que le indicar\u00e1 el n\u00famero de seguimiento de su despacho. En este caso, y dado la naturaleza del transporte y la disponibilidad de la empresa elegida por el cliente, el env\u00edo podr\u00eda exceder los plazos establecidos. \u25cf Para despachos desde Temuco a Puerto Montt, los tiempos de entrega estimados son de 48 a 72 horas h\u00e1biles. \u25cf Para despachos hacia la IV Regi\u00f3n, los tiempos de entrega estimados son de 48 a 96 horas h\u00e1biles. \u25cf Para despachos hacia la III y II Regi\u00f3n, los tiempos de entrega estimados son de 48 a 96 horas h\u00e1biles.<\/p>\n","protected":false},"author":1,"featured_media":0,"parent":0,"menu_order":0,"comment_status":"closed","ping_status":"closed","template":"","meta":{"_acf_changed":false,"iawp_total_views":32,"footnotes":""},"class_list":["post-24766","page","type-page","status-publish","hentry"],"acf":[],"yoast_head":"<!-- This site is optimized with the Yoast SEO plugin v26.8 - https:\/\/yoast.com\/product\/yoast-seo-wordpress\/ -->\n<title>Pol\u00edticas de Despacho - Importadora Km<\/title>\n<meta name=\"robots\" content=\"index, follow, max-snippet:-1, max-image-preview:large, max-video-preview:-1\" \/>\n<link rel=\"canonical\" href=\"https:\/\/inverkm.cl\/tienda\/politicas-de-despacho\/\" \/>\n<meta property=\"og:locale\" content=\"es_ES\" \/>\n<meta property=\"og:type\" content=\"article\" \/>\n<meta property=\"og:title\" content=\"Pol\u00edticas de Despacho - Importadora Km\" \/>\n<meta property=\"og:description\" content=\"Politicas de Despacho y Entrega de productos Despachos gratis desde $250.000 en la VI a la V de valpara\u00edso (incluyendo RM) Despacho Otras Regiones y Provincias por Pagar \u25cf Bajo esta modalidad y sin un m\u00ednimo de compra, el despacho de los productos ser\u00e1 realizado en el domicilio que el cliente indique al momento del env\u00edo de su orden de compra. Cabe destacar que el domicilio debe estar dentro de las localidades informadas entre la VI Regi\u00f3n y la V Regi\u00f3n de Valpara\u00edso. (Incluye ciudades principales y capitales regionales, no incluye ramales). \u25cf La tienda est\u00e1 ubicada en: San Diego 1272, Santiago. Adicionalmente, el cliente podr\u00e1 autorizar a un tercero para efectuar el retiro del producto, debiendo indicar los datos de dicha persona (nombre completo, RUT, n\u00famero de tel\u00e9fono y correo electr\u00f3nico) al ejecutivo de ventas. \u25cf Ser\u00e1 responsabilidad del cliente la exactitud de los datos entregados en Neum\u00e1ticos San Andr\u00e9s para una correcta y oportuna entrega de los productos en el domicilio indicado o en el lugar de despacho elegido. \u25cf El despacho de los productos ser\u00e1 realizado a trav\u00e9s de servicios de Courier nacional, en el lugar que el cliente hubiere elegido, en un plazo de 1 a 5 d\u00edas h\u00e1biles una vez validada la orden de compra y el pago. Tanto si es mediante transporte propio de Neum\u00e1ticos San Andr\u00e9s como por courier nacional, el despacho de productos se realiza de lunes a viernes, entre las 9:30 y 18:30 horas. Una vez realizada la compra, se formalizar\u00e1 la fecha de despacho a trav\u00e9s de correo electr\u00f3nico o llamada del ejecutivo de ventas. El rango de hora ser\u00e1 siempre entre las 9:30 y 19:30 hrs inclusive. \u25cf Los despachos gratuitos dentro de la Regi\u00f3n Metropolitana, V y VI Regi\u00f3n ser\u00e1n efectuados por transporte propio de Neum\u00e1ticos San Andr\u00e9s, que incluye las siguientes localidades: Una vez realizado todo el proceso de compra e indicado el lugar de despacho, el ejecutivo de ventas se pondr\u00e1 en contacto con el cliente para coordinar la empresa de transporte por la cual desea enviar la mercader\u00eda. Neum\u00e1ticos San Andr\u00e9s entregar\u00e1 dicha mercader\u00eda en un plazo de 24 a 48 horas h\u00e1biles a la empresa de transporte escogida para hacer el env\u00edo por pagar. Posteriormente, el cliente debe considerar adem\u00e1s el plazo de entrega propio de la empresa de transporte seleccionada. Una vez constatados los procedimientos de seguridad para la verificaci\u00f3n de la compra (el medio de pago utilizado y la confirmaci\u00f3n de los datos personales suministrados por el cliente), el cliente recibir\u00e1 un correo que le indicar\u00e1 el n\u00famero de seguimiento de su despacho. En este caso, y dado la naturaleza del transporte y la disponibilidad de la empresa elegida por el cliente, el env\u00edo podr\u00eda exceder los plazos establecidos. \u25cf Para despachos desde Temuco a Puerto Montt, los tiempos de entrega estimados son de 48 a 72 horas h\u00e1biles. \u25cf Para despachos hacia la IV Regi\u00f3n, los tiempos de entrega estimados son de 48 a 96 horas h\u00e1biles. \u25cf Para despachos hacia la III y II Regi\u00f3n, los tiempos de entrega estimados son de 48 a 96 horas h\u00e1biles.\" \/>\n<meta property=\"og:url\" content=\"https:\/\/inverkm.cl\/tienda\/politicas-de-despacho\/\" \/>\n<meta property=\"og:site_name\" content=\"Importadora Km\" \/>\n<meta property=\"article:modified_time\" content=\"2025-09-24T17:12:10+00:00\" \/>\n<meta name=\"twitter:card\" content=\"summary_large_image\" \/>\n<meta name=\"twitter:label1\" content=\"Tiempo de lectura\" \/>\n\t<meta name=\"twitter:data1\" content=\"3 minutos\" \/>\n<script type=\"application\/ld+json\" class=\"yoast-schema-graph\">{\"@context\":\"https:\/\/schema.org\",\"@graph\":[{\"@type\":\"WebPage\",\"@id\":\"https:\/\/inverkm.cl\/tienda\/politicas-de-despacho\/\",\"url\":\"https:\/\/inverkm.cl\/tienda\/politicas-de-despacho\/\",\"name\":\"Pol\u00edticas de Despacho - Importadora Km\",\"isPartOf\":{\"@id\":\"https:\/\/inverkm.cl\/tienda\/#website\"},\"datePublished\":\"2025-09-24T17:07:34+00:00\",\"dateModified\":\"2025-09-24T17:12:10+00:00\",\"breadcrumb\":{\"@id\":\"https:\/\/inverkm.cl\/tienda\/politicas-de-despacho\/#breadcrumb\"},\"inLanguage\":\"es\",\"potentialAction\":[{\"@type\":\"ReadAction\",\"target\":[\"https:\/\/inverkm.cl\/tienda\/politicas-de-despacho\/\"]}]},{\"@type\":\"BreadcrumbList\",\"@id\":\"https:\/\/inverkm.cl\/tienda\/politicas-de-despacho\/#breadcrumb\",\"itemListElement\":[{\"@type\":\"ListItem\",\"position\":1,\"name\":\"Portada\",\"item\":\"https:\/\/inverkm.cl\/tienda\/\"},{\"@type\":\"ListItem\",\"position\":2,\"name\":\"Pol\u00edticas de Despacho\"}]},{\"@type\":\"WebSite\",\"@id\":\"https:\/\/inverkm.cl\/tienda\/#website\",\"url\":\"https:\/\/inverkm.cl\/tienda\/\",\"name\":\"Importadora Km\",\"description\":\"\",\"publisher\":{\"@id\":\"https:\/\/inverkm.cl\/tienda\/#organization\"},\"potentialAction\":[{\"@type\":\"SearchAction\",\"target\":{\"@type\":\"EntryPoint\",\"urlTemplate\":\"https:\/\/inverkm.cl\/tienda\/?s={search_term_string}\"},\"query-input\":{\"@type\":\"PropertyValueSpecification\",\"valueRequired\":true,\"valueName\":\"search_term_string\"}}],\"inLanguage\":\"es\"},{\"@type\":\"Organization\",\"@id\":\"https:\/\/inverkm.cl\/tienda\/#organization\",\"name\":\"Importadora Km\",\"url\":\"https:\/\/inverkm.cl\/tienda\/\",\"logo\":{\"@type\":\"ImageObject\",\"inLanguage\":\"es\",\"@id\":\"https:\/\/inverkm.cl\/tienda\/#\/schema\/logo\/image\/\",\"url\":\"https:\/\/inverkm.cl\/tienda\/wp-content\/uploads\/2025\/10\/SOLO-KM.png\",\"contentUrl\":\"https:\/\/inverkm.cl\/tienda\/wp-content\/uploads\/2025\/10\/SOLO-KM.png\",\"width\":1182,\"height\":1182,\"caption\":\"Importadora Km\"},\"image\":{\"@id\":\"https:\/\/inverkm.cl\/tienda\/#\/schema\/logo\/image\/\"}}]}<\/script>\n<!-- \/ Yoast SEO plugin. -->","yoast_head_json":{"title":"Pol\u00edticas de Despacho - Importadora Km","robots":{"index":"index","follow":"follow","max-snippet":"max-snippet:-1","max-image-preview":"max-image-preview:large","max-video-preview":"max-video-preview:-1"},"canonical":"https:\/\/inverkm.cl\/tienda\/politicas-de-despacho\/","og_locale":"es_ES","og_type":"article","og_title":"Pol\u00edticas de Despacho - Importadora Km","og_description":"Politicas de Despacho y Entrega de productos Despachos gratis desde $250.000 en la VI a la V de valpara\u00edso (incluyendo RM) Despacho Otras Regiones y Provincias por Pagar \u25cf Bajo esta modalidad y sin un m\u00ednimo de compra, el despacho de los productos ser\u00e1 realizado en el domicilio que el cliente indique al momento del env\u00edo de su orden de compra. Cabe destacar que el domicilio debe estar dentro de las localidades informadas entre la VI Regi\u00f3n y la V Regi\u00f3n de Valpara\u00edso. (Incluye ciudades principales y capitales regionales, no incluye ramales). \u25cf La tienda est\u00e1 ubicada en: San Diego 1272, Santiago. Adicionalmente, el cliente podr\u00e1 autorizar a un tercero para efectuar el retiro del producto, debiendo indicar los datos de dicha persona (nombre completo, RUT, n\u00famero de tel\u00e9fono y correo electr\u00f3nico) al ejecutivo de ventas. \u25cf Ser\u00e1 responsabilidad del cliente la exactitud de los datos entregados en Neum\u00e1ticos San Andr\u00e9s para una correcta y oportuna entrega de los productos en el domicilio indicado o en el lugar de despacho elegido. \u25cf El despacho de los productos ser\u00e1 realizado a trav\u00e9s de servicios de Courier nacional, en el lugar que el cliente hubiere elegido, en un plazo de 1 a 5 d\u00edas h\u00e1biles una vez validada la orden de compra y el pago. Tanto si es mediante transporte propio de Neum\u00e1ticos San Andr\u00e9s como por courier nacional, el despacho de productos se realiza de lunes a viernes, entre las 9:30 y 18:30 horas. Una vez realizada la compra, se formalizar\u00e1 la fecha de despacho a trav\u00e9s de correo electr\u00f3nico o llamada del ejecutivo de ventas. El rango de hora ser\u00e1 siempre entre las 9:30 y 19:30 hrs inclusive. \u25cf Los despachos gratuitos dentro de la Regi\u00f3n Metropolitana, V y VI Regi\u00f3n ser\u00e1n efectuados por transporte propio de Neum\u00e1ticos San Andr\u00e9s, que incluye las siguientes localidades: Una vez realizado todo el proceso de compra e indicado el lugar de despacho, el ejecutivo de ventas se pondr\u00e1 en contacto con el cliente para coordinar la empresa de transporte por la cual desea enviar la mercader\u00eda. Neum\u00e1ticos San Andr\u00e9s entregar\u00e1 dicha mercader\u00eda en un plazo de 24 a 48 horas h\u00e1biles a la empresa de transporte escogida para hacer el env\u00edo por pagar. Posteriormente, el cliente debe considerar adem\u00e1s el plazo de entrega propio de la empresa de transporte seleccionada. Una vez constatados los procedimientos de seguridad para la verificaci\u00f3n de la compra (el medio de pago utilizado y la confirmaci\u00f3n de los datos personales suministrados por el cliente), el cliente recibir\u00e1 un correo que le indicar\u00e1 el n\u00famero de seguimiento de su despacho. En este caso, y dado la naturaleza del transporte y la disponibilidad de la empresa elegida por el cliente, el env\u00edo podr\u00eda exceder los plazos establecidos. \u25cf Para despachos desde Temuco a Puerto Montt, los tiempos de entrega estimados son de 48 a 72 horas h\u00e1biles. \u25cf Para despachos hacia la IV Regi\u00f3n, los tiempos de entrega estimados son de 48 a 96 horas h\u00e1biles. \u25cf Para despachos hacia la III y II Regi\u00f3n, los tiempos de entrega estimados son de 48 a 96 horas h\u00e1biles.","og_url":"https:\/\/inverkm.cl\/tienda\/politicas-de-despacho\/","og_site_name":"Importadora Km","article_modified_time":"2025-09-24T17:12:10+00:00","twitter_card":"summary_large_image","twitter_misc":{"Tiempo de lectura":"3 minutos"},"schema":{"@context":"https:\/\/schema.org","@graph":[{"@type":"WebPage","@id":"https:\/\/inverkm.cl\/tienda\/politicas-de-despacho\/","url":"https:\/\/inverkm.cl\/tienda\/politicas-de-despacho\/","name":"Pol\u00edticas de Despacho - Importadora Km","isPartOf":{"@id":"https:\/\/inverkm.cl\/tienda\/#website"},"datePublished":"2025-09-24T17:07:34+00:00","dateModified":"2025-09-24T17:12:10+00:00","breadcrumb":{"@id":"https:\/\/inverkm.cl\/tienda\/politicas-de-despacho\/#breadcrumb"},"inLanguage":"es","potentialAction":[{"@type":"ReadAction","target":["https:\/\/inverkm.cl\/tienda\/politicas-de-despacho\/"]}]},{"@type":"BreadcrumbList","@id":"https:\/\/inverkm.cl\/tienda\/politicas-de-despacho\/#breadcrumb","itemListElement":[{"@type":"ListItem","position":1,"name":"Portada","item":"https:\/\/inverkm.cl\/tienda\/"},{"@type":"ListItem","position":2,"name":"Pol\u00edticas de Despacho"}]},{"@type":"WebSite","@id":"https:\/\/inverkm.cl\/tienda\/#website","url":"https:\/\/inverkm.cl\/tienda\/","name":"Importadora Km","description":"","publisher":{"@id":"https:\/\/inverkm.cl\/tienda\/#organization"},"potentialAction":[{"@type":"SearchAction","target":{"@type":"EntryPoint","urlTemplate":"https:\/\/inverkm.cl\/tienda\/?s={search_term_string}"},"query-input":{"@type":"PropertyValueSpecification","valueRequired":true,"valueName":"search_term_string"}}],"inLanguage":"es"},{"@type":"Organization","@id":"https:\/\/inverkm.cl\/tienda\/#organization","name":"Importadora Km","url":"https:\/\/inverkm.cl\/tienda\/","logo":{"@type":"ImageObject","inLanguage":"es","@id":"https:\/\/inverkm.cl\/tienda\/#\/schema\/logo\/image\/","url":"https:\/\/inverkm.cl\/tienda\/wp-content\/uploads\/2025\/10\/SOLO-KM.png","contentUrl":"https:\/\/inverkm.cl\/tienda\/wp-content\/uploads\/2025\/10\/SOLO-KM.png","width":1182,"height":1182,"caption":"Importadora Km"},"image":{"@id":"https:\/\/inverkm.cl\/tienda\/#\/schema\/logo\/image\/"}}]}},"_links":{"self":[{"href":"https:\/\/inverkm.cl\/tienda\/wp-json\/wp\/v2\/pages\/24766","targetHints":{"allow":["GET"]}}],"collection":[{"href":"https:\/\/inverkm.cl\/tienda\/wp-json\/wp\/v2\/pages"}],"about":[{"href":"https:\/\/inverkm.cl\/tienda\/wp-json\/wp\/v2\/types\/page"}],"author":[{"embeddable":true,"href":"https:\/\/inverkm.cl\/tienda\/wp-json\/wp\/v2\/users\/1"}],"replies":[{"embeddable":true,"href":"https:\/\/inverkm.cl\/tienda\/wp-json\/wp\/v2\/comments?post=24766"}],"version-history":[{"count":7,"href":"https:\/\/inverkm.cl\/tienda\/wp-json\/wp\/v2\/pages\/24766\/revisions"}],"predecessor-version":[{"id":24774,"href":"https:\/\/inverkm.cl\/tienda\/wp-json\/wp\/v2\/pages\/24766\/revisions\/24774"}],"wp:attachment":[{"href":"https:\/\/inverkm.cl\/tienda\/wp-json\/wp\/v2\/media?parent=24766"}],"curies":[{"name":"wp","href":"https:\/\/api.w.org\/{rel}","templated":true}]}}